number?
True
Is 1318450409 a prime number?
True
Is 817371517 a prime number?
True
Is 6391419493 prime?
False
Is 19643191169 a prime number?
False
Is 18491801399 a composite number?
True
Is 9468766327 a prime number?
True
Is 47546833157 composite?
True
Is 5535193249 a prime number?
False
Is 25471973389 prime?
True
Is 1382788567 prime?
True
Is 23697878933 a prime number?
True
Is 41586861581 a composite number?
True
Is 570552617 a composite number?
True
Is 673150267 a composite number?
False
Is 167219993 prime?
True
Is 333515999 a composite number?
True
Is 848245117 composite?
False
Is 2353249931 composite?
False
Is 1638663809 a prime number?
True
Is 3136638899 a prime number?
False
Is 35577273007 a prime number?
False
Is 32679309983 a prime number?
False
Is 328687981 prime?
True
Is 1874877451 a prime number?
False
Is 1021933607 composite?
True
Is 13495065037 a composite number?
False
Is 3036043679 composite?
True
Is 52073712503 prime?
False
Is 74505359 a prime number?
False
Is 21451037783 prime?
False
Is 111775477 composite?
True
Is 1411034507 composite?
True
Is 4369241 composite?
True
Is 549455641 a composite number?
True
Is 47067733643 prime?
False
Is 25766026763 a composite number?
True
Is 7153945157 composite?
False
Is 1796853007 composite?
False
Is 9055752991 a composite number?
True
Is 4833564269 prime?
True
Is 349268867 composite?
False
Is 12550095809 composite?
False
Is 25148572939 prime?
False
Is 215060647 a composite number?
True
Is 1954579927 a composite number?
False
Is 24990523 composite?
True
Is 666243031 a prime number?
False
Is 1742679923 a prime number?
False
Is 1412918981 a composite number?
True
Is 728712799 a prime number?
False
Is 93631823 composite?
True
Is 512858789 a prime number?
True
Is 607317395 a composite number?
True
Is 8716311803 composite?
True
Is 122419931 a composite number?
False
Is 7174294247 prime?
True
Is 536103643 prime?
False
Is 7946129903 composite?
False
Is 454654619 composite?
True
Is 6797674063 composite?
False
Is 32459718857 a prime number?
True
Is 294905857 a prime number?
True
Is 7334022361 composite?
False
Is 1211564239 a composite number?
True
Is 4351473949 prime?
True
Is 874664627 a prime number?
True
Is 10302557479 composite?
False
Is 641888663 composite?
True
Is 1486864177 prime?
False
Is 7041280871 prime?
True
Is 5635209479 a prime number?
True
Is 129040201613 composite?
True
Is 11067911681 a composite number?
False
Is 2302071665 prime?
False
Is 2923636147 a composite number?
False
Is 1237247333 prime?
False
Is 4073378921 a composite number?
False
Is 36923114803 a composite number?
False
Is 1082434247 a composite number?
False
Is 6958607 composite?
True
Is 373688741 prime?
True
Is 79775841298 a composite number?
True
Is 15120064849 a prime number?
True
Is 57897814883 prime?
False
Is 99921549019 a prime number?
True
Is 24570393391 prime?
False
Is 990632401 prime?
False
Is 68799978689 composite?
True
Is 108647993 a prime number?
True
Is 70021294391 composite?
True
Is 2723213021 a prime number?
False
Is 6451203799 composite?
False
Is 2622600941 a composite number?
False
Is 19675302593 a composite number?
False
Is 140810732831 composite?
False
Is 4027917671 prime?
False
Is 22673764241 a prime number?
True
Is 1468467215 prime?
False
Is 3280143817 a prime number?
False
Is 137575384019 a composite number?
True
Is 5374737965 composite?
True
Is 28162957 a composite number?
True
Is 52573000787 composite?
False
Is 2694142019 a prime number?
True
Is 1056124091 a composite number?
True
Is 2594623949 a prime number?
True
Is 213501856595 a prime number?
False
Is 1079358941 prime?
False
Is 2379814585 prime?
False
Is 3537419311 prime?
False
Is 524563447 prime?
False
Is 172912697 a prime number?
False
Is 48501359705 a composite number?
True
Is 663544547 a prime number?
True
Is 8335136321 prime?
True
Is 152998493 a prime number?
False
Is 67787793041 prime?
False
Is 428661253 a prime number?
True
Is 472995373 a composite number?
True
Is 28883481173 a composite number?
True
Is 4014776873 prime?
True
Is 2638628007 prime?
False
Is 985444417 composite?
False
Is 27446506999 prime?
False
Is 1083573235 composite?
True
Is 11461720129 a prime number?
False
Is 14688547 composite?
True
Is 476284147 composite?
False
Is 38688703346 composite?
True
Is 40785348829 composite?
False
Is 33211745033 prime?
True
Is 1381851689 composite?
False
Is 6177867191 composite?
True
Is 778865567 a prime number?
False
Is 821256827 a composite number?
True
Is 2921906233 prime?
True
Is 18886562501 composite?
False
Is 82355853659 a prime number?
True
Is 593265389 composite?
False
Is 60418963361 composite?
False
Is 6006705963 a composite number?
True
Is 8096894513 composite?
False
Is 48429239753 a composite number?
True
Is 296145107 a prime number?
True
Is 2397793817 a composite number?
True
Is 18714577793 a composite number?
True
Is 11773774421 composite?
False
Is 43946299 prime?
True
Is 52883960062 a composite number?
True
Is 598301029 composite?
False
Is 12579459463 a composite number?
False
Is 2205865199 prime?
False
Is 65252004821 a prime number?
True
Is 753626941 prime?
True
Is 67726381 a prime number?
True
Is 13342992643 prime?
False
Is 73348358297 composite?
False
Is 6673751347 prime?
True
Is 196337776913 composite?
False
Is 11167903717 a composite number?
True
Is 399911 a composite number?
False
Is 4011028663 composite?
False
Is 13046176019 a composite number?
False
Is 1439769979 composite?
True
Is 10806815531 a composite number?
False
Is 44792810549 a prime number?
True
Is 3409781677 a composite number?
False
Is 6285820637 composite?
False
Is 27359673217 composite?
True
Is 35267291 a prime number?
True
Is 20123968187 prime?
True
Is 3548427313 prime?
True
Is 4507465037 composite?
True
Is 340592827 composite?
False
Is 239797195611 a composite number?
True
Is 7353395473 prime?
False
Is 248267273 composite?
False
Is 2153308371 composite?
True
Is 211559827969 a prime number?
False
Is 174448741 prime?
False
Is 3846485554 a prime number?
False
Is 5818058737 composite?
False
Is 5249440969 composite?
False
Is 899918254 prime?
False
Is 7591331513 a prime number?
False
Is 7961080463 a prime number?
False
Is 15875580013 prime?
True
Is 849267449 composite?
True
Is 83094756763 a composite number?
False
Is 4943174801 a prime number?
False
Is 280421119 composite?
True
Is 24820079507 a composite number?
True
Is 4562709535 a prime number?
False
Is 5343153203 a composite number?
True
Is 19419394481 a composite number?
False
Is 5011117691 a composite number?
True
Is 7046390269 composite?
False
Is 407449361 composite?
True
Is 2308072651 composite?
False
Is 2553322067 composite?
True
Is 33701101823 composite?
False
Is 194055559567 composite?
False
Is 17315163319 composite?
True
Is 38637328553 a composite number?
False
Is 30743895799 prime?
True
Is 211540799 a prime number?
True
Is 3986137501 a composite number?
False
Is 19054994597 prime?
True
Is 25499029711 a prime number?
False
Is 173518882454 composite?
True
Is 3011434957 prime?
True
Is 41168815711 prime?
False
Is 391598563 a composite number?
False
Is 58627162987 a composite number?
True
Is 601610141 prime?
False
Is 3339163193 a composite number?
False
Is 326225131 a prime number?
False
Is 1517681509 prime?
True
Is 61342333213 prime?
False
Is 1700344027 a prime number?
False
Is 1505128943 composite?
True
Is 60361341869 a composite number?
True
Is 6266036741 prime?
True
Is 15303178999 a composite number?
True
Is 167199587 composite?
True
Is 11708153 a composite number?
False
Is 10194913891 a prime number?
False
Is 12674319718 prime?
False
Is 395118302 composite?
True
Is 79433567 prime?
True
Is 3307961939 prime?
True
Is 1311138505 prime?
False
Is 68150611559 a prime number?
True
Is 6310706339 a prime number?
False
Is 23681751767 a prime number?
True
Is 66748819 composite?
True
Is 138542507 a composite number?
False
Is 665220451 prime?
False
Is 1090594111 a composite number?
False
Is 5737530713 a prime number?
False
Is 14828663203 a prime number?
True
Is 6836621933 composite?
True
Is 112096925593 a composite number?
False
Is 495611878885 prime?
False
Is 2897862287 a prime number?
False
Is 65231037715 composite?
True
Is 263785117 a composite number?
False
Is 766529039 composite?
False
Is 2951396873 a comp